uppose -19*c + 15*c + 52 = 0. What is the highest common factor of i and c?
13
Let q = 67 + 43. What is the highest common factor of 22 and q?
22
Let b(g) = 122*g + 29. Let c(w) = 41*w + 10. Let o(h) = 6*b(h) - 17*c(h). Let v be o(4). Calculate the greatest common factor of 16 and v.
16
Let q(j) = j**2 + j + 1. Let p be q(2). Suppose -2*x = 2*x - 708. Suppose -5*l + x = -o, 4*l = -0*l - o + 138. What is the greatest common factor of p and l?
7
Let a = -18 + 21. Calculate the highest common factor of a and 1.
1
Let i = -60 - -80. What is the highest common factor of i and 220?
20
Let w(d) = -3*d - 2. Let a be w(-6). Suppose 0 = -f + 3*f - a. Suppose -5*y + 10 = 2*k - 10, 3*y + 12 = 0. Calculate the highest common divisor of k and f.
4
Suppose 4*i - 53 + 257 = 5*o, 158 = 4*o + 2*i. What is the highest common factor of o and 10?
10
Suppose 6*v = v - 5*q + 40, -4*v - 5*q + 33 = 0. Calculate the greatest common divisor of 63 and v.
7
Let d be 6 + 2 + -4 + 104. Let o(t) = 28*t - 1. Let x be o(1). Calculate the greatest common factor of d and x.
27
Suppose 31 + 14 = 3*a. Let k = 22 - a. Calculate the highest common factor of 21 and k.
7
Suppose 54*g - 154 = 47*g. What is the highest common factor of g and 88?
22
Let f be (32/(-6))/((-1)/3). Let p be (-3 - (-21)/3) + 1. Let u = f - p. Calculate the highest common divisor of 99 and u.
11
Let v = -104 + 158. Calculate the greatest common divisor of v and 81.
27
Let u = -39 - -79. Calculate the highest common factor of u and 8.
8
Let h be 272/6 - (-1)/(-3). Suppose 0 = 37*m - 61 - 124. Calculate the greatest common divisor of m and h.
5
Let j be (-40)/(-3) - (-14)/21. Calculate the greatest common factor of j and 2.
2
Let v(x) = -x**3 + 22*x**2 - 20*x + 9. Let z be v(21). What is the highest common factor of z and 240?
30
Let y be (-1908)/53*(2/(-4) + -1). Calculate the highest common factor of 36 and y.
18
Let q(n) = 4*n - 1. Let d = 5 - 2. Let c be q(d). What is the greatest common divisor of c and 99?
11
Let k be 119 + (4/(-10))/((-2)/5). What is the highest common divisor of 10 and k?
10
Suppose 0 = -4*r - 26 + 66. Let z(j) = -j + 2. Let f be z(-6). Let k be -5*(1 - (-3 + f)). What is the greatest common factor of k and r?
10
Let u(b) = -b**3 - 13*b**2 + 15*b + 29. Let a be u(-14). What is the highest common divisor of 60 and a?
15
Let y(u) = u**3 - 5*u**2 - 6*u - 3. Let m be y(5). Let z be -1*(2 + m) + 0. Suppose -5 = 2*j - z. What is the highest common divisor of 143 and j?
13
Let f(c) = -9 + 5 + 5 + 49*c. Let r be f(1). Suppose -3*u = 2*u - r. Calculate the highest common factor of 2 and u.
2
Suppose -2 = 2*t - 10. Suppose -4*o = -2*m - 70, t*o + 4*m - 86 + 34 = 0. What is the greatest common divisor of o and 32?
16
Let h(g) = -2*g + 1. Let u(a) = -a. Let b(c) = h(c) - 3*u(c). Let f be b(7). Suppose -2*k + 40 = -f. What is the highest common divisor of 16 and k?
8
Let r(d) = -d + 9. Let g be r(7). Suppose 5*u - 1 = -5*m + 4, 5*m - u = 35. Suppose m*z - g*z = 4. Calculate the highest common factor of 9 and z.
1
Suppose 0 = -g - 2*c + 1, -4*g = g + c - 41. Let x = 35 + g. Calculate the highest common factor of x and 11.
11
Suppose -5*h = 3*a + 11, 2*a - 3*h - 15 = a. Suppose -a*f = -3*d + 8 - 2, 14 = 5*f + d. What is the highest common factor of 18 and f?
2
Let s(n) = n**2 - 4*n + 10. Let h be s(3). Calculate the greatest common factor of h and 7.
7
Let j(n) = -n**3 + 3*n**2 + 3*n - 3. Suppose 2*l + l = 6. Let c be j(l). What is the highest common factor of 28 and c?
7
Let m(k) = 9*k**2 + 3*k - 1. Let z be m(-3). Suppose -124 = -5*j + z. Calculate the greatest common factor of 13 and j.
13
Let u = -58 - -72. Calculate the highest common divisor of u and 126.
14
Let c(q) = 3*q**2 - 1. Let z = -2 - -6. Suppose z*i + 4 = -0*i. Let k be c(i). What is the greatest common divisor of 22 and k?
2
Suppose -4*w + 5*z = -61, 3*z - 11 + 70 = 4*w. Calculate the greatest common factor of w and 7.
7
Suppose -100 = 2*c - 6*c. Suppose 0 = -d + 6 + 4. What is the highest common divisor of c and d?
5
Suppose 0 = 5*s + 4*r - 65 - 41, 0 = 5*s - 3*r - 113. Calculate the greatest common divisor of s and 33.
11
Let x = -4 + 8. Let r be ((-18)/x)/((-15)/40). What is the highest common divisor of r and 84?
12
Let g(s) = 2*s**2 - 3*s + 9. Let q be g(6). What is the highest common factor of q and 7?
7
Suppose o + 4 = 5*o. Suppose -2*q + 5*j - 1 = 0, 3*j - o = -q + 2*q. What is the highest common divisor of q and 2?
2
Suppose 9 = 3*u, -11 = a - 2*a - 2*u. Suppose -51 = -5*s + 4*h + 346, 2*s - a*h - 152 = 0. What is the greatest common divisor of 27 and s?
27
Suppose -2*q + 156 = 3*h - 0*h, 390 = 5*q + 3*h. What is the highest common divisor of q and 52?
26
Suppose -16 = -7*t + 47. What is the highest common divisor of 45 and t?
9
Let n = -99 - -107. What is the highest common divisor of 8 and n?
8
Suppose -4*j = j - 1140. Let a be (-1 + 3)/(8/j). Let k = 129 - a. Calculate the greatest common factor of k and 9.
9
Let q = -8 + 4. Let p = 0 - q. Suppose -p*i + 131 = 19. What is the greatest common factor of i and 70?
14
Let v = -159 - -361. Let i = v - 132. What is the greatest common divisor of i and 28?
14
Let p(g) = -28*g - 16. Let r be p(-3). What is the greatest common factor of r and 34?
34
Let t be (38/4 - -1) + (-78)/52. Let y = 20 + -2. Calculate the greatest common factor of t and y.
9
Let j(c) = 2*c**2 - c. Let i be j(2). Let x = 10 - i. Suppose -4*o - 12 = -z, 0 = 2*z + 2*o + 3*o - 50. Calculate the greatest common factor of z and x.
4
Let l be (-14)/63 + 1667/9. Suppose -3*i = 5*t - 95, -5*i - 3*t = -0*t - l. Calculate the greatest common divisor of i and 10.
10
Let z = 35 - 24. Suppose 3*r - 104 = -2*y + y, 3*r - 2*y - 89 = 0. Calculate the highest common factor of z and r.
11
Let k be (-5)/(50/(-56))*5. Suppose -q - k = -2*q. What is the greatest common factor of q and 70?
14
Suppose 3*r = -2*r. Suppose l = -r*l + 10. Calculate the greatest common divisor of 10 and l.
10
Let b(y) = -88*y. Let j be b(-1). What is the greatest common divisor of j and 8?
8
Suppose -209 - 381 = -5*i - 5*r, 0 = i - 2*r - 133. Calculate the highest common factor of i and 41.
41
Suppose -3*z + 2*z = -3. Suppose -4*a - 3*k = -63, -4*k - 8 = -28. Calculate the highest common divisor of a and z.
3
Let y = 77 + -44. Suppose 0*q = -q - 2. Let n be 22/(0 + (-1 - q)). Calculate the highest common divisor of y and n.
11
Let d(n) = n**3 + 21*n**2 + 16*n + 64. Let k be d(-20). Calculate the greatest common divisor of 9 and k.
9
Let s(l) = l + 25. Let m be s(-8). Let q(k) = -k**3 - 7*k**2 - 9*k - 9. Let t be q(-6). Suppose 3*x - t = 42. What is the highest common factor of x and m?
17
Let d(w) = w**2 + 2*w + 6. Let f be d(-5). What is the greatest common divisor of f and 63?
21
Suppose -3*h = -5*h + 10, -2*w - 3*h + 155 = 0. Calculate the highest common divisor of 7 and w.
7
Let j be (3 - 2 - 1) + 14. Let v(y) = -y**3 - 8*y**2 - 8*y - 6. Let p be v(-7). Let f be ((-7)/(-4))/(p/4). What is the highest common factor of f and j?
7
Let s = 40 - 29. Suppose -3*x + 4*x - s = 0. Calculate the highest common factor of x and 77.
11
Let o = 33 + -18. Calculate the highest common factor of 105 and o.
15
Let t = -14 + 56. Calculate the highest common factor of t and 7.
7
Suppose -2*f + 275 + 283 = 0. Suppose -4*m - 380 = 4*r, -3*m = -0*r + r + f. Let a = 34 - m. Calculate the greatest common factor of 14 and a.
14
Suppose 0 = -5*o - 20, 2*f + o + o - 382 = 0. What is the highest common factor of 15 and f?
15
Let y be (-26)/(-6) + -2 - (-3)/(-9). Let n = -5 + 8. What is the highest common factor of n and y?
1
Let a be 24/(-9)*3/(-2). Suppose -a*y + 3*o = -43, y - 5*o - 8 - 7 = 0. Let t = 69 - 29. What is the highest common divisor of t and y?
10
Suppose -2*i = -i - 62. Suppose -4*o - 12 = -2*l, 5*l - i = -o + 3*o. What is the greatest common divisor of l and 28?
14
Suppose -3*j - 2 = -8. Suppose 5*a = -2*o + 30, 0 = -j*a + o + 3 - 0. Let y = a - -16. What is the greatest common divisor of 5 and y?
5
Let q = 74 + -44. Let j = 31 - 18. Suppose -j = -u - 3. What is the greatest common factor of q and u?
10
Let s = -6 + 2. Let d be (-414)/s + (-1)/(-2). Suppose 5*j - 7 = 2*h - h, -5*j + 33 = h. What is the highest common divisor of h and d?
13
Let h(u) = u**3 +